tors of 2/2*(-2 + 57)?
5, 11
Suppose 22*x - 24 = 20*x. What are the prime factors of x?
2, 3
Let o be ((-16)/10)/((-8)/20). Suppose -5*z + o = -4*u - 32, 0 = 4*u + z + 12. Let l = u - -10. What are the prime factors of l?
2, 3
Suppose -5*r = -267 - 748. List the prime factors of r.
7, 29
Suppose 2*z + 4 = 4*l, -5 - 3 = -l + 4*z. Suppose -q - m = -30, l*q - 5*q - 3*m = -156. What are the prime factors of q?
3, 11
What are the prime factors of (-14 - -15)*(-1 + 6)?
5
Let k(b) = -5*b**2 - 3*b - 1. Let n be k(-2). Let h = n - -27. What are the prime factors of h?
2, 3
Suppose -2*q - 17 = -3*i, 2*i - 3*i = -q - 6. Let p be -4*((-3)/(-6) + q). Suppose o - 6 = -p*o. List the prime factors of o.
2
Suppose 5 = 4*o + 1. Let s be 6 - (2 + o/1). Suppose -p - 3 - 3 = 4*d, s*d = 4*p - 52. List the prime factors of p.
2, 5
What are the prime factors of ((-276)/8)/((-9)/12)?
2, 23
Suppose -55 = 3*z - 5*w, -4*z + 3*w - 62 = 2*w. Let l = z - -25. What are the prime factors of l?
2, 5
Let t be 44/3 - (-2)/6. Let p be t/(1 + 5/(-8)). Suppose 4*u - 48 = -u - 3*y, 0 = -4*u - 4*y + p. List the prime factors of u.
3
Let x(k) = k**2 - 4*k + 2. Let q be x(4). Suppose -s = q*s. Suppose s = -2*m + 11 + 27. List the prime factors of m.
19
Suppose 3*i + 0*u - 4*u = 11, 2*i - 14 = u. Suppose 0 = -s - s - 3*d + i, 0 = 3*s - 4*d + 29. Let r = s - -11. List the prime factors of r.
2
Let j be (2/4)/((-2)/24). Let l(s) be the third derivative of -s**4/12 - 7*s**3/6 + 2*s**2. List the prime factors of l(j).
5
Let n(d) = 2*d**3 - 4*d**2 - 3*d + 8. List the prime factors of n(4).
2, 3, 5
Suppose 50 = 5*y - 4*y. What are the prime factors of y?
2, 5
Let j(a) = 2*a. Let o(n) = -4*n. Let q(r) = -7*j(r) - 4*o(r). What are the prime factors of q(3)?
2, 3
Suppose 8*f - 4*f + 12 = 0. Let j(a) be the first derivative of a**4/4 + 5*a**3/3 + 2*a**2 - 1. List the prime factors of j(f).
2, 3
Let c(w) = -w**3 + 2*w**2 + 2*w. Let g(m) = -m - 5. Let x be g(-7). Suppose -2*o = x*o + 8. What are the prime factors of c(o)?
2, 3
Let y(a) = 49*a**2 + 2*a - 1. Let i be y(1). Suppose 2*k - i = -x, 4*x + 3*k - 148 = 37. Suppose -x - 8 = -4*p. List the prime factors of p.
13
Let u be (3 + 2/2)/(-2). List the prime factors of ((-22)/(-55))/(u/(-90)).
2, 3
Let q = 7 - 4. Suppose 3*v = 3*p - 6, -p - q*v + 2*v = -10. Let w(s) = s - 3. What are the prime factors of w(p)?
3
Suppose -53 = -3*c + 25. List the prime factors of c.
2, 13
Let g be -1*1*(-2)/2. What are the prime factors of (0 + -3)/(g/(-3))?
3
Let w(q) = q**2 + 3*q - 2. Let k be w(2). Let p(v) = v - 6. List the prime factors of p(k).
2
Let n(t) = t**3 + 7*t**2 - 8*t + 3. Let i be n(-8). Suppose i*r + 17 = 68. What are the prime factors of r?
17
Suppose 3*n - 1 = 20. Suppose -g + 18 - n = 0. Let k = -2 + g. What are the prime factors of k?
3
Suppose s + s = -3*i + 60, -s - i = -32. What are the prime factors of s?
2, 3
Let d = -9 + 9. Suppose y + 3*y - 88 = d. List the prime factors of y.
2, 11
Let c(o) be the third derivative of -o**5/60 + o**4/4 - o**3/6 - o**2. Let w be c(4). Suppose 0*b - b = -w. List the prime factors of b.
7
Let h = 3 + -4. List the prime factors of (h - 14)/(-3 + 2).
3, 5
Let w be (0 - 0)/(1 - 3). Let k = 3 - w. Suppose -5*x - 5*n + 35 = 0, -3*x + 29 = -k*n - 2*n. List the prime factors of x.
2
List the prime factors of (320/(-24))/(1 - (-14)/(-12)).
2, 5
Let z(o) = o**2 - 6*o + 2. Let s be z(10). Suppose -2*k = 3*t - 47, 1 = 3*t + k - s. List the prime factors of t.
13
Let y be 13/(-1 + (-1 - -3)). Suppose 0 = 3*v + m - 10 - 13, 3*m - y = -2*v. List the prime factors of v.
2
Let y = -11 + 6. Let u be (0 + -12)/(-4 - y). Let q = 25 + u. List the prime factors of q.
13
Let g(p) = -p**2 + 15*p - 4. List the prime factors of g(9).
2, 5
Suppose -y + 410 = 5*x - 5*y, 0 = 4*x + 3*y - 359. What are the prime factors of x?
2, 43
What are the prime factors of 138/8 + (-3)/12?
17
Suppose i = 0, -2*i - 60 = -3*y - 12. Let a = 30 - y. Let b = a + -10. What are the prime factors of b?
2
Let l(c) = 4*c**2 + 2*c - 1. Let a be l(1). Suppose a*h - 177 + 25 = 3*d, 4*d = -16. Let n = -11 + h. List the prime factors of n.
17
Suppose -5*b - 172 + 977 = 0. List the prime factors of b.
7, 23
Let f(c) = -c**2 + 11*c + 5. Let y be f(11). Suppose y*b - 111 = 29. What are the prime factors of b?
2, 7
Let q(y) = -y**3 + 9*y**2 + 2*y - 9. Let z(n) = n + 1. Let i(g) = -g**2 + 2*g + 2. Let b(m) = -i(m) + 2*z(m). Let o be b(3). What are the prime factors of q(o)?
3
Let f be (6 + -3 - 3)*-1. Suppose -t - 4*t + 85 = f. What are the prime factors of t?
17
Let y be (-6)/(-30) + (-24)/(-5). Suppose 4*d = 3*g + 2, 0 = g - y*g - d + 10. Let h(u) = 3*u**2 - u. List the prime factors of h(g).
2, 5
Let u be (-4)/6 + (-20)/(-12). Let o be 17/2*(5 - u). List the prime factors of 12/54 + o/9.
2
Suppose v = -3*d + 590, -d + v + 970 = 4*d. What are the prime factors of d?
3, 5, 13
Suppose 77 = 2*d - 31. What are the prime factors of d?
2, 3
List the prime factors of 10/(-15)*(-228)/4.
2, 19
Let f(y) = y**3 + 3*y**2 - y + 3. Let m be f(-3). Let d = 11 - m. List the prime factors of d.
5
Let d be (-7)/28 + 41/4. Let z be 4/d - 92/(-20). Suppose -3*l + z*v + 51 = 0, 3*v = -4*l + 2*v + 45. What are the prime factors of l?
2, 3
Let s(d) = -d**2 - 6*d - 1. Let f(r) = -r**2 - 4*r - 6. Let v be f(-4). Let q = -10 - v. What are the prime factors of s(q)?
7
Let r = -17 + 9. Let c = -1 - r. Suppose 0 = -q + c. What are the prime factors of q?
7
Suppose -5*l - h - 23 = 40, -l + 4*h = 0. Suppose -4*r = -3*s - 15, 3*r = -r - 5*s - 25. Let f = r - l. List the prime factors of f.
2, 3
Let b(k) = k**2 + 6*k + 6. Let j be b(-4). Let w = -2 - 1. What are the prime factors of (j + 1)*-1 - w?
2
Suppose 4*n - 4 - 7 = -3*g, -3*n = -4*g - 2. Suppose 4*d = -5*p + 65, -n*d - p - 2*p + 35 = 0. Suppose 8 = 2*w - d. List the prime factors of w.
3
Suppose 4*n - s - 27 = 0, -18 = 2*n - 6*n - 2*s. Let u be (-4)/n + 168/9. Let y = -5 + u. List the prime factors of y.
13
Let s(h) = -2*h**3 - 2*h**2 - 3*h - 3. Let v = 1 - 3. What are the prime factors of s(v)?
11
Let q(g) = 2*g + 9. What are the prime factors of q(5)?
19
Suppose 0 = -0*l + 5*l - 75. Suppose d - l = -4*m, 10 = -d - 2*m + 3*m. Let o(r) = -r**2 - 8*r - 4. What are the prime factors of o(d)?
11
Let j(s) be the third derivative of s**5/60 + s**4/24 - s**3/6 + s**2. Let l be j(1). List the prime factors of (-12 - 1)*(l + -2).
13
Suppose 410 = 3*z - 328. List the prime factors of z.
2, 3, 41
Let w = 10 - 10. Suppose 184 = 4*j - w*j. What are the prime factors of j?
2, 23
Let r be 2 - (22 + 3 + -1). Let v = 8 + -17. Let x = v - r. What are the prime factors of x?
13
Let d(c) = 5*c + 12. Suppose 0 = 2*x + 3*x - 30. List the prime factors of d(x).
2, 3, 7
Suppose -4*y - 25 = -9. Let h = -2 - y. Suppose 0*k - 22 = -h*k. List the prime factors of k.
11
Suppose -g + 94 = 5*j, 0 = g + 3*j + 11 - 97. List the prime factors of g.
2, 37
Suppose 15*r = 5131 + 59. List the prime factors of r.
2, 173
Let o = 92 + -32. What are the prime factors of o?
2, 3, 5
Suppose 210 = 19*t - 16*t. What are the prime factors of t?
2, 5, 7
Suppose 81 = 6*o - 3*o. List the prime factors of o.
3
Suppose 5*y - 2 = -3*l, 5*l + 0*y - 12 = -4*y. List the prime factors of l.
2
Let b(t) = -t**2 - 12*t - 6. Let c be b(-11). Suppose -3*x = g - 4*g, c*x = 20. List the prime factors of g.
2
Let c be 2/(-3) - (-24)/(-18). Let d be (1 - 3 - c)/1. Let n(w) = w**3 + w + 18. List the prime factors of n(d).
2, 3
Let y(n) be the second derivative of -n**4/12 - 4*n**3/3 - 3*n**2/2 + 2*n. Let c be 2 + -4 + (-2 - -1). What are the prime factors of y(c)?
2, 3
Suppose 4*i + 9 = 77. What are the prime factors of i?
17
Let u(t) = 13*t + 5. List the prime factors of u(5).
2, 5, 7
Let x(c) = c**2 + 7. Let q be x(0). Suppose -q*s = -2*s. Suppose 3*k + 3 = s, 3*k - 37 = -5*g - 0*k. List the prime factors of g.
2
Let b = 6 + -4. What are the prime factors of (3 + -3)/b - -27?
3
Suppose 2*j - 3*g = 41 - 3, -j + 19 = 2*g. Let x = -13 + j. What are the prime factors of 0 - (2 - x) - 2?
2
Suppose -4*a + 3 = -a. Suppose -2*q - q - 4*g - a = 0, -2*g = 2*q. What are the prime factors of 0 + 4*4/q?
2
Let i = 44 - -60. What are the prime factors of i?
2, 13
Let z = -3 + 2. Let v = 3 - z. Suppose n - 18 = -v. W